der when 57790 is divided by 224.
222
What is the remainder when 67250 is divided by 1729?
1548
Calculate the remainder when 91745 is divided by 75.
20
Calculate the remainder when 96108 is divided by 342.
6
Calculate the remainder when 23955 is divided by 23380.
575
What is the remainder when 151365 is divided by 212?
209
What is the remainder when 60196 is divided by 6?
4
What is the remainder when 961 is divided by 198?
169
Calculate the remainder when 51789 is divided by 664.
661
What is the remainder when 643789 is divided by 83?
41
Calculate the remainder when 5019 is divided by 740.
579
Calculate the remainder when 6191 is divided by 187.
20
What is the remainder when 236104 is divided by 64?
8
Calculate the remainder when 1510 is divided by 247.
28
What is the remainder when 2212 is divided by 436?
32
What is the remainder when 401883 is divided by 271?
261
What is the remainder when 401564 is divided by 141?
137
What is the remainder when 409 is divided by 140?
129
Calculate the remainder when 2429 is divided by 204.
185
What is the remainder when 45245 is divided by 52?
5
What is the remainder when 74326 is divided by 10?
6
Calculate the remainder when 191631 is divided by 349.
30
What is the remainder when 20329 is divided by 66?
1
What is the remainder when 33756 is divided by 152?
12
Calculate the remainder when 1560 is divided by 700.
160
What is the remainder when 1751 is divided by 175?
1
Calculate the remainder when 25476 is divided by 13.
9
Calculate the remainder when 8193 is divided by 8193.
0
Calculate the remainder when 396039 is divided by 22002.
3
Calculate the remainder when 12967 is divided by 324.
7
Calculate the remainder when 55771 is divided by 43.
0
Calculate the remainder when 35971 is divided by 35889.
82
What is the remainder when 62143 is divided by 49?
11
Calculate the remainder when 4288281 is divided by 2499.
2496
What is the remainder when 1296 is divided by 14?
8
What is the remainder when 205121 is divided by 98?
7
Calculate the remainder when 11773 is divided by 160.
93
Calculate the remainder when 3760 is divided by 994.
778
What is the remainder when 47265 is divided by 145?
140
Calculate the remainder when 1157847 is divided by 16.
7
Calculate the remainder when 6080 is divided by 3014.
52
Calculate the remainder when 22353 is divided by 933.
894
Calculate the remainder when 214667 is divided by 74.
67
What is the remainder when 154771 is divided by 273?
253
Calculate the remainder when 851 is divided by 681.
170
What is the remainder when 12264 is divided by 156?
96
What is the remainder when 482223 is divided by 16628?
11
Calculate the remainder when 576737 is divided by 214.
7
What is the remainder when 8328 is divided by 754?
34
What is the remainder when 44567 is divided by 501?
479
What is the remainder when 3247 is divided by 63?
34
Calculate the remainder when 1158 is divided by 610.
548
What is the remainder when 1986 is divided by 573?
267
What is the remainder when 343648 is divided by 53?
49
Calculate the remainder when 1986 is divided by 127.
81
Calculate the remainder when 36684 is divided by 23.
22
What is the remainder when 21714 is divided by 602?
42
Calculate the remainder when 21485 is divided by 164.
1
Calculate the remainder when 687137 is divided by 62466.
11
Calculate the remainder when 162090 is divided by 48.
42
What is the remainder when 2516 is divided by 13?
7
Calculate the remainder when 8967 is divided by 1478.
99
Calculate the remainder when 229766 is divided by 207.
203
What is the remainder when 68044 is divided by 155?
154
What is the remainder when 9548 is divided by 829?
429
What is the remainder when 6150 is divided by 114?
108
What is the remainder when 94011 is divided by 400?
11
What is the remainder when 1870 is divided by 95?
65
Calculate the remainder when 3744 is divided by 616.
48
Calculate the remainder when 12844 is divided by 4263.
55
What is the remainder when 19261 is divided by 9630?
1
Calculate the remainder when 33406 is divided by 64.
62
Calculate the remainder when 13110 is divided by 468.
6
Calculate the remainder when 29668 is divided by 117.
67
Calculate the remainder when 217479 is divided by 21747.
9
What is the remainder when 2644 is divided by 2633?
11
Calculate the remainder when 1835 is divided by 596.
47
Calculate the remainder when 23007 is divided by 338.
23
What is the remainder when 48110 is divided by 82?
58
Calculate the remainder when 47989 is divided by 1841.
123
Calculate the remainder when 217834 is divided by 86.
82
What is the remainder when 37945 is divided by 56?
33
Calculate the remainder when 11697 is divided by 102.
69
Calculate the remainder when 486 is divided by 46.
26
What is the remainder when 74636 is divided by 28?
16
What is the remainder when 1069 is divided by 1067?
2
Calculate the remainder when 19010 is divided by 29.
15
What is the remainder when 8575 is divided by 130?
125
Calculate the remainder when 17636 is divided by 4235.
696
Calculate the remainder when 1897 is divided by 919.
59
Calculate the remainder when 75160 is divided by 67.
53
What is the remainder when 196819 is divided by 171?
169
What is the remainder when 15311 is divided by 1275?
11
Calculate the remainder when 72292 is divided by 100.
92
Calculate the remainder when 2267 is divided by 315.
62
What is the remainder when 18669 is divided by 159?
66
What is the remainder when 31086 is divided by 210?
6
Calculate the remainder when 22441 is divided by 590.
21
What is the remainder when 1428 is divided by 10?
8
What is the remainder when 12881 is divided by 226?
225
What is the remainder when 2983 is divided by 171?
76
What is the remainder when 1880 is divided by 224?
88
Calculate the remainder when 72034 is divided by 12.
10
Calculate the remainder when 8860 is divided by 92.
28
Calculate the remainder when 50157 is divided by 304.
301
Calculate the remainder when 167874 is divided by 104.
18
Calculate the remainder when 27880 is divided by 377.
359
Calculate the remainder when 16752 is divided by 54.
12
Calculate the remainder when 693 is divided by 641.
52
Calculate the remainder when 884645 is divided by 118.
117
Calculate the remainder when 2346453 is divided by 168.
165
Calculate the remainder when 12465 is divided by 3076.
161
Calculate the remainder when 640 is divided by 23.
19
What is the remainder when 8384 is divided by 1989?
428
What is the remainder when 573 is divided by 181?
30
Calculate the remainder when 1009 is divided by 16.
1
Calculate the remainder when 1879 is divided by 1876.
3
What is the remainder when 151877 is divided by 176?
165
What is the remainder when 668 is divided by 56?
52
What is the remainder when 17273 is divided by 5735?
68
Calculate the remainder when 13682 is divided by 225.
182
Calculate the remainder when 5040 is divided by 732.
648
What is the remainder when 7445 is divided by 162?
155
What is the remainder when 31195 is divided by 6235?
20
Calculate the remainder when 2096 is divided by 96.
80
Calculate the remainder when 2369 is divided by 131.
11
Calculate the remainder when 20500 is divided by 418.
18
Calculate the remainder when 4558 is divided by 1513.
19
Calculate the remainder when 26238 is divided by 3.
0
What is the remainder when 4996 is divided by 4?
0
Calculate the remainder when 501699 is divided by 21.
9
What is the remainder when 1571 is divided by 884?
687
Calculate the remainder when 20972 is divided by 457.
407
Calculate the remainder when 113618 is divided by 121.
120
Calculate the remainder when 149421 is divided by 149416.
5
What is the remainder when 6553 is divided by 642?
133
What is the remainder when 8614 is divided by 429?
34
What is the remainder when 910 is divided by 52?
26
Calculate the remainder when 3515 is divided by 323.
285
What is the remainder when 1226 is divided by 120?
26
Calculate the remainder when 169312 is divided by 286.
0
What is the remainder when 22001 is divided by 239?
13
Calculate the remainder when 6848 is divided by 18.
8
Calculate the remainder when 12539 is divided by 12107.
432
Calculate the remainder when 78159 is divided by 405.
399
Calculate the remainder when 93465 is divided by 10382.
27
Calculate the remainder when 712 is divid